{"id":18741,"date":"2024-03-22T17:19:44","date_gmt":"2024-03-22T20:19:44","guid":{"rendered":"http:\/\/web-mobilitas-site.localhost\/indice-de-materiais\/"},"modified":"2024-03-25T22:47:20","modified_gmt":"2024-03-26T01:47:20","slug":"indice","status":"publish","type":"page","link":"https:\/\/mobilitas.lat\/es\/indice\/","title":{"rendered":"\u00cdndice"},"content":{"rendered":"","protected":false},"excerpt":{"rendered":"","protected":false},"author":6,"featured_media":0,"parent":0,"menu_order":0,"comment_status":"closed","ping_status":"closed","template":"page-index.php","meta":{"footnotes":""},"class_list":["post-18741","page","type-page","status-publish","hentry"],"yoast_head":"<!-- This site is optimized with the Yoast SEO plugin v26.9 - https:\/\/yoast.com\/product\/yoast-seo-wordpress\/ -->\n<title>\u00cdndice | Mobilitas<\/title>\n<meta name=\"description\" content=\"Confira as lista de todas as publica\u00e7\u00f5es j\u00e1 realizadas em nosso blog. Busque por palavras chaves ou encontre conte\u00fados por categoria.\" \/>\n<meta name=\"robots\" content=\"index, follow, max-snippet:-1, max-image-preview:large, max-video-preview:-1\" \/>\n<link rel=\"canonical\" href=\"https:\/\/mobilitas.lat\/es\/indice\/\" \/>\n<meta property=\"og:locale\" content=\"es_ES\" \/>\n<meta property=\"og:type\" content=\"article\" \/>\n<meta property=\"og:title\" content=\"\u00cdndice | Mobilitas\" \/>\n<meta property=\"og:description\" content=\"Confira as lista de todas as publica\u00e7\u00f5es j\u00e1 realizadas em nosso blog. Busque por palavras chaves ou encontre conte\u00fados por categoria.\" \/>\n<meta property=\"og:url\" content=\"https:\/\/mobilitas.lat\/es\/indice\/\" \/>\n<meta property=\"og:site_name\" content=\"Mobilitas\" \/>\n<meta property=\"article:modified_time\" content=\"2024-03-26T01:47:20+00:00\" \/>\n<meta name=\"twitter:card\" content=\"summary_large_image\" \/>\n<script type=\"application\/ld+json\" class=\"yoast-schema-graph\">{\"@context\":\"https:\/\/schema.org\",\"@graph\":[{\"@type\":\"WebPage\",\"@id\":\"https:\/\/mobilitas.lat\/es\/indice\/\",\"url\":\"https:\/\/mobilitas.lat\/es\/indice\/\",\"name\":\"\u00cdndice | Mobilitas\",\"isPartOf\":{\"@id\":\"https:\/\/mobilitas.lat\/es\/#website\"},\"datePublished\":\"2024-03-22T20:19:44+00:00\",\"dateModified\":\"2024-03-26T01:47:20+00:00\",\"description\":\"Confira as lista de todas as publica\u00e7\u00f5es j\u00e1 realizadas em nosso blog. Busque por palavras chaves ou encontre conte\u00fados por categoria.\",\"breadcrumb\":{\"@id\":\"https:\/\/mobilitas.lat\/es\/indice\/#breadcrumb\"},\"inLanguage\":\"es-ES\",\"potentialAction\":[{\"@type\":\"ReadAction\",\"target\":[\"https:\/\/mobilitas.lat\/es\/indice\/\"]}]},{\"@type\":\"BreadcrumbList\",\"@id\":\"https:\/\/mobilitas.lat\/es\/indice\/#breadcrumb\",\"itemListElement\":[{\"@type\":\"ListItem\",\"position\":1,\"name\":\"In\u00edcio\",\"item\":\"https:\/\/mobilitas.lat\/es\/\"},{\"@type\":\"ListItem\",\"position\":2,\"name\":\"\u00cdndice\"}]},{\"@type\":\"WebSite\",\"@id\":\"https:\/\/mobilitas.lat\/es\/#website\",\"url\":\"https:\/\/mobilitas.lat\/es\/\",\"name\":\"Mobilitas\",\"description\":\"Tecnologia e Mobilidade Urbana na Am\u00e9rica Latina\",\"publisher\":{\"@id\":\"https:\/\/mobilitas.lat\/es\/#organization\"},\"potentialAction\":[{\"@type\":\"SearchAction\",\"target\":{\"@type\":\"EntryPoint\",\"urlTemplate\":\"https:\/\/mobilitas.lat\/es\/?s={search_term_string}\"},\"query-input\":{\"@type\":\"PropertyValueSpecification\",\"valueRequired\":true,\"valueName\":\"search_term_string\"}}],\"inLanguage\":\"es-ES\"},{\"@type\":\"Organization\",\"@id\":\"https:\/\/mobilitas.lat\/es\/#organization\",\"name\":\"OTM Editora\",\"url\":\"https:\/\/mobilitas.lat\/es\/\",\"logo\":{\"@type\":\"ImageObject\",\"inLanguage\":\"es-ES\",\"@id\":\"https:\/\/mobilitas.lat\/es\/#\/schema\/logo\/image\/\",\"url\":\"https:\/\/mobilitas.lat\/wp-content\/uploads\/2024\/03\/opengraph.png\",\"contentUrl\":\"https:\/\/mobilitas.lat\/wp-content\/uploads\/2024\/03\/opengraph.png\",\"width\":1200,\"height\":630,\"caption\":\"OTM Editora\"},\"image\":{\"@id\":\"https:\/\/mobilitas.lat\/es\/#\/schema\/logo\/image\/\"}}]}<\/script>\n<!-- \/ Yoast SEO plugin. -->","yoast_head_json":{"title":"\u00cdndice | Mobilitas","description":"Confira as lista de todas as publica\u00e7\u00f5es j\u00e1 realizadas em nosso blog. Busque por palavras chaves ou encontre conte\u00fados por categoria.","robots":{"index":"index","follow":"follow","max-snippet":"max-snippet:-1","max-image-preview":"max-image-preview:large","max-video-preview":"max-video-preview:-1"},"canonical":"https:\/\/mobilitas.lat\/es\/indice\/","og_locale":"es_ES","og_type":"article","og_title":"\u00cdndice | Mobilitas","og_description":"Confira as lista de todas as publica\u00e7\u00f5es j\u00e1 realizadas em nosso blog. Busque por palavras chaves ou encontre conte\u00fados por categoria.","og_url":"https:\/\/mobilitas.lat\/es\/indice\/","og_site_name":"Mobilitas","article_modified_time":"2024-03-26T01:47:20+00:00","twitter_card":"summary_large_image","schema":{"@context":"https:\/\/schema.org","@graph":[{"@type":"WebPage","@id":"https:\/\/mobilitas.lat\/es\/indice\/","url":"https:\/\/mobilitas.lat\/es\/indice\/","name":"\u00cdndice | Mobilitas","isPartOf":{"@id":"https:\/\/mobilitas.lat\/es\/#website"},"datePublished":"2024-03-22T20:19:44+00:00","dateModified":"2024-03-26T01:47:20+00:00","description":"Confira as lista de todas as publica\u00e7\u00f5es j\u00e1 realizadas em nosso blog. Busque por palavras chaves ou encontre conte\u00fados por categoria.","breadcrumb":{"@id":"https:\/\/mobilitas.lat\/es\/indice\/#breadcrumb"},"inLanguage":"es-ES","potentialAction":[{"@type":"ReadAction","target":["https:\/\/mobilitas.lat\/es\/indice\/"]}]},{"@type":"BreadcrumbList","@id":"https:\/\/mobilitas.lat\/es\/indice\/#breadcrumb","itemListElement":[{"@type":"ListItem","position":1,"name":"In\u00edcio","item":"https:\/\/mobilitas.lat\/es\/"},{"@type":"ListItem","position":2,"name":"\u00cdndice"}]},{"@type":"WebSite","@id":"https:\/\/mobilitas.lat\/es\/#website","url":"https:\/\/mobilitas.lat\/es\/","name":"Mobilitas","description":"Tecnologia e Mobilidade Urbana na Am\u00e9rica Latina","publisher":{"@id":"https:\/\/mobilitas.lat\/es\/#organization"},"potentialAction":[{"@type":"SearchAction","target":{"@type":"EntryPoint","urlTemplate":"https:\/\/mobilitas.lat\/es\/?s={search_term_string}"},"query-input":{"@type":"PropertyValueSpecification","valueRequired":true,"valueName":"search_term_string"}}],"inLanguage":"es-ES"},{"@type":"Organization","@id":"https:\/\/mobilitas.lat\/es\/#organization","name":"OTM Editora","url":"https:\/\/mobilitas.lat\/es\/","logo":{"@type":"ImageObject","inLanguage":"es-ES","@id":"https:\/\/mobilitas.lat\/es\/#\/schema\/logo\/image\/","url":"https:\/\/mobilitas.lat\/wp-content\/uploads\/2024\/03\/opengraph.png","contentUrl":"https:\/\/mobilitas.lat\/wp-content\/uploads\/2024\/03\/opengraph.png","width":1200,"height":630,"caption":"OTM Editora"},"image":{"@id":"https:\/\/mobilitas.lat\/es\/#\/schema\/logo\/image\/"}}]}},"_links":{"self":[{"href":"https:\/\/mobilitas.lat\/es\/wp-json\/wp\/v2\/pages\/18741","targetHints":{"allow":["GET"]}}],"collection":[{"href":"https:\/\/mobilitas.lat\/es\/wp-json\/wp\/v2\/pages"}],"about":[{"href":"https:\/\/mobilitas.lat\/es\/wp-json\/wp\/v2\/types\/page"}],"author":[{"embeddable":true,"href":"https:\/\/mobilitas.lat\/es\/wp-json\/wp\/v2\/users\/6"}],"replies":[{"embeddable":true,"href":"https:\/\/mobilitas.lat\/es\/wp-json\/wp\/v2\/comments?post=18741"}],"version-history":[{"count":3,"href":"https:\/\/mobilitas.lat\/es\/wp-json\/wp\/v2\/pages\/18741\/revisions"}],"predecessor-version":[{"id":18756,"href":"https:\/\/mobilitas.lat\/es\/wp-json\/wp\/v2\/pages\/18741\/revisions\/18756"}],"wp:attachment":[{"href":"https:\/\/mobilitas.lat\/es\/wp-json\/wp\/v2\/media?parent=18741"}],"curies":[{"name":"wp","href":"https:\/\/api.w.org\/{rel}","templated":true}]}}

Índice

<!-- This site is optimized with the Yoast SEO plugin v26.9 - https://yoast.com/product/yoast-seo-wordpress/ -->
<title>Índice | Mobilitas</title>
<meta name="description" content="Confira as lista de todas as publicações já realizadas em nosso blog. Busque por palavras chaves ou encontre conteúdos por categoria." />
<meta name="robots" content="index, follow, max-snippet:-1, max-image-preview:large, max-video-preview:-1" />
<link rel="canonical" href="https://mobilitas.lat/es/indice/" />
<meta property="og:locale" content="es_ES" />
<meta property="og:type" content="article" />
<meta property="og:title" content="Índice | Mobilitas" />
<meta property="og:description" content="Confira as lista de todas as publicações já realizadas em nosso blog. Busque por palavras chaves ou encontre conteúdos por categoria." />
<meta property="og:url" content="https://mobilitas.lat/es/indice/" />
<meta property="og:site_name" content="Mobilitas" />
<meta property="article:modified_time" content="2024-03-26T01:47:20+00:00" />
<meta name="twitter:card" content="summary_large_image" />
<script type="application/ld+json" class="yoast-schema-graph">{"@context":"https://schema.org","@graph":[{"@type":"WebPage","@id":"https://mobilitas.lat/es/indice/","url":"https://mobilitas.lat/es/indice/","name":"Índice | Mobilitas","isPartOf":{"@id":"https://mobilitas.lat/es/#website"},"datePublished":"2024-03-22T20:19:44+00:00","dateModified":"2024-03-26T01:47:20+00:00","description":"Confira as lista de todas as publicações já realizadas em nosso blog. Busque por palavras chaves ou encontre conteúdos por categoria.","breadcrumb":{"@id":"https://mobilitas.lat/es/indice/#breadcrumb"},"inLanguage":"es-ES","potentialAction":[{"@type":"ReadAction","target":["https://mobilitas.lat/es/indice/"]}]},{"@type":"BreadcrumbList","@id":"https://mobilitas.lat/es/indice/#breadcrumb","itemListElement":[{"@type":"ListItem","position":1,"name":"Início","item":"https://mobilitas.lat/es/"},{"@type":"ListItem","position":2,"name":"Índice"}]},{"@type":"WebSite","@id":"https://mobilitas.lat/es/#website","url":"https://mobilitas.lat/es/","name":"Mobilitas","description":"Tecnologia e Mobilidade Urbana na América Latina","publisher":{"@id":"https://mobilitas.lat/es/#organization"},"potentialAction":[{"@type":"SearchAction","target":{"@type":"EntryPoint","urlTemplate":"https://mobilitas.lat/es/?s={search_term_string}"},"query-input":{"@type":"PropertyValueSpecification","valueRequired":true,"valueName":"search_term_string"}}],"inLanguage":"es-ES"},{"@type":"Organization","@id":"https://mobilitas.lat/es/#organization","name":"OTM Editora","url":"https://mobilitas.lat/es/","logo":{"@type":"ImageObject","inLanguage":"es-ES","@id":"https://mobilitas.lat/es/#/schema/logo/image/","url":"https://mobilitas.lat/wp-content/uploads/2024/03/opengraph.png","contentUrl":"https://mobilitas.lat/wp-content/uploads/2024/03/opengraph.png","width":1200,"height":630,"caption":"OTM Editora"},"image":{"@id":"https://mobilitas.lat/es/#/schema/logo/image/"}}]}</script>
<!-- / Yoast SEO plugin. -->

Índice | Mobilitas

Confira as lista de todas as publicações já realizadas em nosso blog. Busque por palavras chaves ou encontre conteúdos por categoria.

Início

Tecnologia e Mobilidade Urbana na América Latina
